of 1081880?
True
Is 46 a factor of 15388979?
False
Does 103 divide 4535295?
False
Does 626 divide 276692?
True
Is 153900 a multiple of 100?
True
Is 22 a factor of 548570?
True
Does 661 divide 1740792?
False
Does 131 divide 167089?
False
Is 80446 a multiple of 19?
True
Is 4 a factor of 11091?
False
Does 23 divide 754707?
False
Does 97 divide 930825?
False
Is 11108972 a multiple of 812?
True
Is 141999 a multiple of 639?
False
Does 169 divide 1997411?
True
Is 232 a factor of 302064?
True
Does 15 divide 3284?
False
Does 35 divide 168525?
True
Is 15 a factor of 5182455?
True
Is 5 a factor of 56705?
True
Does 62 divide 10744?
False
Is 64 a factor of 330608?
False
Is 209396 a multiple of 15?
False
Is 3105053 a multiple of 287?
True
Is 35827 a multiple of 144?
False
Does 39 divide 193245?
True
Does 15 divide 1341825?
True
Is 1847252 a multiple of 22?
True
Is 67 a factor of 22847?
True
Is 213 a factor of 146137?
False
Is 20555 a multiple of 15?
False
Does 18 divide 307098?
True
Is 107690 a multiple of 22?
True
Is 198 a factor of 407286?
True
Is 1579 a factor of 2173946?
False
Is 224 a factor of 14391?
False
Does 33 divide 544872?
False
Does 371 divide 333258?
False
Is 70567 a multiple of 11?
False
Does 34 divide 305116?
True
Is 5410635 a multiple of 23?
True
Does 7 divide 561051?
False
Is 166 a factor of 16475002?
True
Is 6 a factor of 4416?
True
Is 5260465 a multiple of 36?
False
Is 2838726 a multiple of 6?
True
Does 151 divide 22184555?
False
Is 100 a factor of 2646201?
False
Is 444 a factor of 305916?
True
Is 126 a factor of 496261?
False
Is 6 a factor of 3228762?
True
Is 80196 a multiple of 12?
True
Does 28 divide 1896608?
True
Does 605 divide 1043?
False
Is 1090 a multiple of 6?
False
Is 1050984 a multiple of 72?
True
Does 6 divide 207299?
False
Is 19865161 a multiple of 12?
False
Is 46 a factor of 20032770?
True
Is 6 a factor of 259048?
False
Does 53 divide 124330?
False
Is 4 a factor of 688994?
False
Does 148 divide 2438342?
False
Does 19 divide 251123?
True
Is 4685702 a multiple of 7?
True
Is 233133 a multiple of 3?
True
Is 488 a factor of 215696?
True
Does 20 divide 114473?
False
Is 10 a factor of 106430?
True
Does 430 divide 14231079?
False
Is 88348 a multiple of 10?
False
Is 329 a factor of 49580?
False
Is 15 a factor of 88905?
True
Is 8295066 a multiple of 13?
True
Is 2943047 a multiple of 31?
True
Does 154 divide 380226?
True
Is 15 a factor of 365757?
False
Is 91 a factor of 155610?
True
Is 92 a factor of 7297470?
False
Does 100 divide 100275?
False
Does 6 divide 81099?
False
Is 2 a factor of 3733621?
False
Is 302450 a multiple of 16?
False
Is 41 a factor of 175399?
False
Is 113 a factor of 136052?
True
Is 120267 a multiple of 161?
True
Is 938904 a multiple of 456?
True
Does 29 divide 8216931?
False
Is 92 a factor of 100457?
False
Is 985137 a multiple of 251?
False
Does 33 divide 606903?
True
Is 11 a factor of 299123?
True
Is 1446343 a multiple of 17?
True
Is 4123255 a multiple of 683?
False
Is 28 a factor of 37828?
True
Is 119 a factor of 318519?
False
Is 144 a factor of 180254?
False
Does 3 divide 1655303?
False
Does 32 divide 390016?
True
Does 1437 divide 7904937?
True
Does 24 divide 43546?
False
Is 216 a factor of 502200?
True
Does 2 divide 1085?
False
Is 108237 a multiple of 20?
False
Is 26 a factor of 503282?
True
Is 519639 a multiple of 20?
False
Is 967067 a multiple of 37?
False
Is 1118528 a multiple of 29?
False
Is 152310 a multiple of 15?
True
Is 5 a factor of 19349435?
True
Does 31 divide 5075419?
False
Does 25 divide 831081?
False
Does 1260 divide 11407874?
False
Does 2 divide 3689?
False
Does 18 divide 800221?
False
Does 31 divide 88381?
True
Is 2 a factor of 87018?
True
Is 12 a factor of 806185?
False
Does 257 divide 2360070?
False
Is 255 a factor of 3019569?
False
Does 67 divide 1574098?
True
Is 1746183 a multiple of 69?
True
Is 184247 a multiple of 31?
False
Is 1407657 a multiple of 45?
False
Is 416 a factor of 15525789?
False
Is 16 a factor of 16457694?
False
Is 785412 a multiple of 18?
True
Does 23 divide 2158642?
True
Is 166060 a multiple of 20?
True
Does 12 divide 3913033?
False
Does 406 divide 2552116?
True
Does 393 divide 899562?
False
Does 224 divide 198597?
False
Is 89 a factor of 1542006?
False
Is 332697 a multiple of 42?
False
Does 11 divide 176554?
False
Is 105843 a multiple of 13?
False
Is 1198181 a multiple of 112?
False
Is 65 a factor of 673768?
False
Is 133665 a multiple of 28?
False
Does 388 divide 427576?
True
Is 4400968 a multiple of 26?
True
Is 419 a factor of 44041?
False
Is 144 a factor of 41472?
True
Does 51 divide 831759?
True
Does 14 divide 428608?
False
Does 2 divide 3842045?
False
Is 9 a factor of 265?
False
Is 60 a factor of 46020?
True
Is 38259 a multiple of 981?
True
Is 8 a factor of 59480?
True
Is 491344 a multiple of 41?
True
Is 70 a factor of 1230460?
True
Does 95 divide 20487?
False
Does 344 divide 2610616?
True
Is 495216 a multiple of 152?
True
Is 1928500 a multiple of 153?
False
Is 21 a factor of 756210?
True
Is 18 a factor of 4576532?
False
Is 45 a factor of 282645?
True
Does 16 divide 13856?
True
Is 25286680 a multiple of 890?
True
Is 6703447 a multiple of 19?
True
Does 63 divide 270081?
True
Does 989 divide 3077768?
True
Does 36 divide 4761432?
True
Does 4 divide 888060?
True
Is 100964 even?
True
Is 1646447 a multiple of 6?
False
Is 166 a factor of 183430?
True
Is 34398 a multiple of 234?
True
Is 310 a factor of 15446?
False
Does 4 divide 1047386?
False
Does 987 divide 4697265?
False
Is 31 a factor of 1114346?
False
Does 150 divide 3807700?
False
Does 393 divide 1231047?
False
Is 335 a factor of 2733752?
False
Is 1450089 a multiple of 14?
False
Is 275120 a multiple of 95?
True
Does 395 divide 10295280?
True
Is 8536236 a multiple of 6?
True
Is 19 a factor of 20330?
True
Is 3 a factor of 3640255?
False
Is 102 a factor of 550392?
True
Does 9 divide 462257?
False
Does 688 divide 1347792?
True
Is 136 a factor of 251538?
False
Is 1424262 a multiple of 7?
True
Is 32 a factor of 103042?
False
Is 9 a factor of 1197638?
False
Is 192 a factor of 1586304?
True
Does 750 divide 5280?
False
Is 4 a factor of 17946?
False
Is 316 a factor of 1993012?
True
Is 28 a factor of 654308?
False
Is 155 a factor of 1294620?
False
Is 25 a factor of 21535246?
False
Does 9 divide 1403843?
False
Is 79 a factor of 55282?
False
Is 63 a factor of 164721?
False
Is 41 a factor of 1122662?
True
Is 15655 a multiple of 79?
False
Does 9 divide 226331?
False
Does 69 divide 140622?
True
Is 3082709 a multiple of 547?
False
Is 18 a factor of 284485?
False
Is 21 a factor of 11886?
True
Does 13 divide 2735018?
True
Is 185926 a multiple of 13?
True
Is 51 a factor of 40341?
True
Is 29 a factor of 6983?
False
Is 139620 a multiple of 61?
False
Is 316 a factor of 350007?
False
Does 3 divide 1172708?
False
Does 71 divide 99131?
False
Does 8 divide 1602724?
False
Does 135 divide 218970?
True
Is 63108 a multiple of 18?
True
Does 5 divide 1235590?
True
Is 12879 a multiple of 53?
True
Is 24494 a multiple of 4?
False
Is 7 a factor of 1164111?
False
Is 3073775 a multiple of 163?
False
Is 2773940 a multiple of 65?
True
Is 119889 a multiple of 9?
True
Is 7655681 a multiple of 117?
False
Is 98 a factor of 775302?
False
Is 31627 a multiple of 39?
False
Does 37 divide 68307?
False
Is 195426 a multiple of 282?
True
Is 101 a factor of 282093?
True
Is 625 a factor of 5224704?
False
Does 34 divide 423810?
True
Is 656600 a multiple of 14?
True
Is 149881 a multiple of 71?
True
Is 5601474 a multiple of 1278?
True
Does 114 divide 1292646?
True
Does 152 divide 69831?
False
Is 212173 a multiple of 13?
True
Does 113 divide 258722?
False
Is 566563 a multiple of 427?
False
Does 109 divide 761931?
False
Is 14 a factor of 384751?
False
Does 62 divide 48112?
True
Does 300 divide 1160097?
False
Is 1353 a multiple of 33?
True
Does 101 divide 146753?
True
Is 4590526 a multiple of 96?
False
Does 5 divide 203930?
True
Is 383 a factor of 1819621?
False
Is 17 a factor of 76092?
True
Does 45 divide 8120406?
False
Is 2450161 a multiple of 10?
False
Does 3 divide 66134?
False
Is 192 a factor of 408192?
True
Is 25860 a multiple of 22?
False
Does 11 divide 9256816?
False
Does 229 divide 11087035?
True
Is 122584 a multiple of 92?
False
Is 239292 a multiple of 612?
True
Doe